2 - 60*l + 921. Let t be m(27). Calculate the greatest common divisor of 410 and t.
10
Let a = 35 - 35. Suppose a = 4*l + c - 32, -4 = 4*l + 5*c - 36. Calculate the highest common divisor of 8 and l.
8
Let d = -10 - -11. Let k(x) = -2*x. Let h be k(d). Let v(c) = -c**3 + 2*c**2 - c - 1. Let n be v(h). Calculate the greatest common factor of 85 and n.
17
Let x = 3831 - 1647. What is the greatest common divisor of x and 24?
24
Let f(d) = 4 + 5*d**2 + 2*d - d - d**3 - 5*d. Suppose -4*s - 3*a = -7, 2*s = 3*s - 3*a - 13. Let q be f(s). Calculate the highest common divisor of q and 28.
4
Let a be (-270)/12*(33/(-15) + -1). What is the highest common divisor of a and 48?
24
Let w(o) = -71*o + 718. Let j be w(8). What is the highest common factor of 18 and j?
6
Suppose 3*k = 5*h + 295, -11*h + 25 = -16*h. What is the highest common factor of k and 72?
18
Suppose 0*l + 4*l - 4 = 0. Suppose 2*z - 25 = l. Suppose -5*f = 4*p - 7*p + 326, -5*p = -5*f - 560. Calculate the greatest common factor of p and z.
13
Let q = 95 - 55. Calculate the greatest common divisor of q and 136.
8
Let t = -18 + 19. Let b be (-1 + (-12)/(-2))/t. Calculate the greatest common divisor of 30 and b.
5
Suppose 0 = -9*r - 54 + 27. Let x be (-1 - 0) + r - -69. What is the highest common divisor of x and 13?
13
Suppose 12 = 5*m + 2. Let k be (3/(-5))/(1/(-5)). Suppose -12 = 4*l, 3*o - 594 = -m*o + k*l. Calculate the greatest common factor of 13 and o.
13
Let v(n) = 3*n**3 - 6*n**2 - 3*n. Let i be v(3). Let q be (2 - 3)/((-2)/4). Suppose q*a = a + i. Calculate the highest common factor of a and 9.
9
Let b(q) = q**3 + 38*q**2 + 38*q + 59. Let x be b(-37). Calculate the highest common divisor of x and 154.
22
Let b(m) = -m + 4. Let x be b(2). Suppose 2*i + 5*k + 35 = 4*i, 5*i = x*k + 56. Let h be -2 + (3 + -2)*i. What is the greatest common factor of 1 and h?
1
Let g(a) = 151*a - 654. Let v be g(5). What is the highest common factor of 3333 and v?
101
Let m be 4/((-2)/(-27) + 0). Calculate the highest common factor of 6 and m.
6
Let u be -27*((-22)/6 + 1). Let i be 21/6*(-192)/(-28). Suppose 10*r = 7*r + i. Calculate the greatest common divisor of u and r.
8
Suppose 4*d + k + 285 = 0, -k = -d + 4*k - 66. Let g = 115 + d. Calculate the greatest common divisor of g and 11.
11
Suppose -2*n = -6, -y + 0*n + 4*n = -1988. What is the highest common divisor of y and 16?
16
Suppose -2*a + 29 = 3*v, -14*v - 4*a + 9 = -15*v. What is the highest common factor of v and 105?
7
Let q = -80 - -108. What is the highest common divisor of 63 and q?
7
Suppose 7112 = 5*h + 4*s, 4264 = 7*h - 4*h + 4*s. Calculate the highest common divisor of 8 and h.
8
Let y(n) = n**3 + 7*n**2 + 3. Let i be y(-7). Let j = 3481 - 3480. Calculate the greatest common factor of i and j.
1
Let u = 0 + 2. Suppose r - 5*h + 9*h = 187, 4*r = -u*h + 748. Calculate the greatest common factor of r and 17.
17
Let a(c) = -2*c**3 - 2*c**2 + 2*c + 1. Let r be a(2). Let g = 7 - r. Calculate the highest common factor of g and 208.
26
Let c be (8/(-6))/(2/9). Let w be (130/(-15))/(2/c). Suppose -37*m + 28*m = -2106. What is the highest common factor of m and w?
26
Let x be -35*((-12)/9 + 14/42). What is the highest common divisor of 95 and x?
5
Let j = -1457 + 2128. Let h(b) = -69*b + 475. Let l be h(6). What is the highest common factor of l and j?
61
Let f(p) = p**3 - 2*p**2 + 4*p - 2. Let o be f(2). Suppose 0 = 3*b + 2*z - 34, -10*b - 3*z = -13*b + 9. What is the highest common factor of b and o?
2
Let f(t) = t**3 - 2*t**2 - 220*t - 10. Let h be f(-9). What is the greatest common divisor of 13 and h?
13
Suppose 0 = -8*y + 173 + 1123. Calculate the greatest common factor of 126 and y.
18
Suppose -4*i - 24 = -5*i. Suppose -i = -6*b + 3*b. Let z be 8 - (1/(-1) + -47). What is the highest common divisor of b and z?
8
Let u(t) = t**3 + 2*t**2 - t - 2. Let q be u(-2). Suppose q*c = 6*c. Let i = 6 - c. What is the highest common divisor of i and 6?
6
Let l = -647 + 668. What is the greatest common factor of 39 and l?
3
Suppose 47*f - 12*f - 2835 = 0. What is the highest common factor of f and 648?
81
Let b = 5621 - 5587. Suppose -3*n + 0*x = 3*x - 261, -5*n = x - 427. What is the highest common factor of n and b?
17
Let t be (-2)/8 + (-183)/(-12). Let h = 6411 - 6156. What is the greatest common divisor of h and t?
15
Let q(c) = c**2 + 2*c + 5. Suppose a - 2*s - 3 = 2*a, -5*s = -4*a + 40. Suppose -8 - 12 = a*l. Let t be q(l). Calculate the highest common factor of t and 91.
13
Let d = -11 - -11. Suppose 0*x - 2*x + 748 = d. Calculate the greatest common divisor of 34 and x.
34
Suppose 642*f - 690 = 637*f. What is the highest common divisor of 23 and f?
23
Suppose 8 = -5*w - 2, 0 = -2*d + 5*w - 52. Suppose -3*g + 5*q - 30 = -305, -5*g + 2*q = -433. Let u = g + d. What is the highest common divisor of 6 and u?
6
Suppose 0 = -6*f + 88*f - 138908. What is the greatest common divisor of f and 14?
14
Suppose -5*j - 8 = 3*i + 23, -2*i + 2*j + 6 = 0. Let w(b) = -10*b + 8. Let v be w(i). What is the greatest common divisor of v and 56?
28
Let c(m) = 2*m**3 - 11*m**2 - 6*m + 1. Suppose 0 = -7*y - 3*y + 60. Let o be c(y). What is the highest common factor of 11 and o?
1
Let z = 254 - 215. Let s(c) = c**2 + 8*c - 7. Let f be s(5). Suppose f = -0*k + 2*k + 3*r, -5*r - 16 = -k. Calculate the greatest common divisor of k and z.
13
Let a be (-28)/6*9/(-6). Suppose a = k - 2. Suppose -6*c = -17 - 37. Calculate the highest common divisor of c and k.
9
Suppose q + 3*m - 26 = -11, 5*q + m - 75 = 0. Suppose 2*g = 3*r - 407, -2*r + g + 2*g + 273 = 0. What is the greatest common divisor of q and r?
15
Suppose 10 + 2 = 2*c. Let k be (-6)/(((-12)/77)/c). What is the highest common divisor of 21 and k?
21
Suppose 5*d + 3 = h - 40, -h + d + 35 = 0. What is the greatest common divisor of h and 6?
3
Let p = -4 - -7. Let b be (18/5 - p) + (-92)/(-5). What is the greatest common divisor of b and 76?
19
Suppose -5*u + 8*u = -3*d, -5*u + 24 = -3*d. What is the greatest common divisor of u and 141?
3
Let d be (-260)/(-91)*(-1)/(6/(-105)). Calculate the greatest common factor of 1175 and d.
25
Let g be ((-6)/(-9))/(4/(-15))*-2. Suppose -7*v = -3*v - k - 202, g*k = -2*v + 90. Calculate the greatest common factor of v and 10.
10
Suppose -2*a = 2*c - 39 + 7, -4*a + 44 = -c. Suppose 6*b + a = 10*b. Calculate the greatest common factor of 3 and b.
3
Let p be (32/(-12) - -3)*57. What is the highest common divisor of 513 and p?
19
Let a(y) = -10*y - 11. Let u = -29 + 26. Let l be (11/u)/(1/3). Let q be a(l). What is the greatest common factor of q and 9?
9
Suppose 2*q = -3*p + 4, -3*p - 2*q = -5*p + 6. Suppose -p*c - 15 = -5*c. What is the highest common divisor of 20 and c?
5
Let g be 8/76 - 4155/(-57). Let p = 75 - g. Calculate the highest common factor of p and 22.
2
Let d = 13 + -10. Let g be d*(-3)/9*-4. What is the highest common divisor of g and 1?
1
Let d(p) = 81*p + 674. Let m be d(-8). Let g(i) = -21*i + 4. Let v be g(-6). Calculate the highest common divisor of v and m.
26
Let v be 4 + -1 - (-1)/(4/396). What is the greatest common divisor of v and 36?
6
Suppose -2*o - 52 = -3*l - 4*o, 5*o = -5*l + 85. Suppose 34*h - 40 = 30*h. Let u = l - h. Calculate the highest common divisor of 8 and u.
8
Let y(j) = j - 80. Let h be y(14). Let a = h + 80. Suppose -3*o = -2*o - 112. What is the highest common divisor of o and a?
14
Let t(k) = k**2 - 6*k + 6. Let u be t(5). Let q(w) = w**2 - 3*w + 1. Let o be q(u). Let f be ((-3 + -18)*o)/1. Calculate the highest common factor of 21 and f.
21
Suppose 41 = 4*s + t, 2*t = -4*s + 3*t + 31. Let w be 4/(-6) + 1770/s. Calculate the greatest common factor of w and 28.
28
Let p(h) = -120*h - 11. Let l(k) = 180*k + 16. Let g(q) = 5*l(q) + 7*p(q). Let t be g(-2). Let c = t + 216. Calculate the highest common divisor of c and 9.
9
Suppose -5*v + 45 = 4*p, 3*p + 45 = 5*v - 2*p. Calculate the highest common factor of 81 and v.
9
Let u be 30/(-25) + (-4128)/(-40). What is the greatest common divisor of u and 340?
34
Suppose 3*w - 30 = 5*w - 4*v, 18 = -w + 3*v. Let c = -8 - w. Let k be (c + 2 - 5) + 107. What is the highest common divisor of k and 15?
15
Let g(p) = p**3 + 9*p**2 - 13*p - 9. Let s be g(-10). Suppose -s = -2*h + 3*d, -4*h = 3*d + 1 + 2.